 Suppose 0 = -x*m + 135 - 40. What is the units digit of m?
9
Let m(g) = -2*g - 9. Let s be m(-6). Suppose -4*d + 12 = -p, s*d - 15 = -6. What is the units digit of 2 + (0/(-2) - p)?
2
Suppose 2*z + r - 2*r - 261 = 0, 0 = 5*z - 4*r - 660. What is the units digit of z?
8
Let n(y) = y**3 + 6*y**2 + 3*y - 6. Let o be n(-5). Let t(w) = 2*w**2 - w - 2. Let g be t(o). Let c = -14 + g. What is the units digit of c?
2
Suppose -3*w = -3*j - w + 706, 0 = 3*j + w - 691. What is the tens digit of j?
3
Let k(c) = c**2 + 6*c + 2. Let j be k(-6). Let x(q) = 0*q + 5 - j - q. What is the units digit of x(2)?
1
Suppose 52 = -3*q + q. Let p = -17 - q. Let w = p + 1. What is the tens digit of w?
1
Let v(n) = -n**3 - 4*n**2 - 3*n - 6. Let b be v(-4). Let d be (6/(-4))/((-9)/b). Let f(i) = i**3 + 1. What is the units digit of f(d)?
2
Suppose 4*z - 133 = o, -3*z - 3*o + 49 = -z. What is the units digit of z?
2
Suppose 0*b = -5*b + 5. What is the units digit of ((-3)/9)/(b/(-69))?
3
Let n(t) = 3*t - 9. Let o be n(6). Suppose -o = f + 2*f. What is the units digit of (4 + -1)/f + 13?
2
Suppose -3*p - 6 = -0. Suppose 6 + 2 = 4*y. What is the units digit of (p/(-3))/(y/3)?
1
Let q be (32/(-10))/(2/(-5)). What is the units digit of 53/4 - 2/q?
3
Let d = -206 - -443. What is the units digit of d?
7
Let b = -33 + 11. Let z = b - -68. What is the tens digit of z?
4
Suppose -20*r + 12 = -16*r. What is the tens digit of ((-5)/r - -3)*36?
4
Let h = -5 - -11. Suppose -c - h - 14 = -3*y, 3*y + 3*c = 0. Suppose -4*t - 3*b + 18 = 0, 12 = y*b + 2. What is the units digit of t?
3
Suppose 3*h + 2*p = -2*h + 135, -3*h = -p - 70. Let z = -10 + -5. Let a = z + h. What is the tens digit of a?
1
Let k = 10 + -3. What is the units digit of k?
7
Suppose 17 = 3*f - 5*u + 3*u, 2*f = 4*u - 2. Let l = f + -6. What is the units digit of l?
3
Let x = 13 - -1. Let i be (2 - 1)/(2/x). Suppose 4*v - i = 3*v. What is the units digit of v?
7
Suppose 7*r = 74 + 241. What is the units digit of r?
5
Suppose 3*i + i = -2*g + 108, -3*g + 172 = -4*i. Suppose 4*f - 2*z = -5*z + 61, 5*f - 3*z - g = 0. What is the tens digit of f?
1
Let p = -56 - -97. What is the tens digit of p?
4
Let i = -95 - -310. What is the units digit of i?
5
Let z = 35 + -33. What is the units digit of z?
2
Let x(y) = -y**2 + 12*y - 15. Let b be x(10). Suppose 0 = -3*a + 6, b*d - 3*d + 36 = -2*a. What is the units digit of d/(-6) + (-4)/(-6)?
4
Suppose 3*m - 68 = d, 5*m = -3*d + 112 + 20. What is the tens digit of m?
2
Let x = 6 + -9. Let c be ((-4)/6)/((-9)/81). What is the units digit of ((-5)/2)/(x/c)?
5
Let g(s) = -s**3 + 4*s**2 - 4*s + 2. Let t be g(3). Let f = t - 1. Let i = f + 3. What is the units digit of i?
1
Suppose 11 = 5*w + 1. Suppose 0 = w*i - 0 - 22. What is the tens digit of i?
1
What is the units digit of (1 - 10)*(-47)/3?
1
Let v be (-4 + 2)/(1 + 0). Let y(g) = 74 + g**2 - 74 - g. What is the units digit of y(v)?
6
Let b(p) = -p + 1. Let x be b(-11). Let g(k) = 2*k - 13. What is the tens digit of g(x)?
1
Let y(w) = -6*w**3 - 10*w**2 - 5*w + 7. Let q(k) = -k**3 - k**2 + 1. Let r(g) = -5*q(g) + y(g). Suppose 0 = -4*m - 9 - 7. What is the units digit of r(m)?
6
Let s = -6 - -9. Suppose 10 = 2*r - s*z, -4*r = -5*z + 2 - 20. Suppose 2*g - 2*q = -2*g + 44, -g + 14 = -r*q. What is the units digit of g?
0
Let p(y) = -3*y - 1 - 2 - 5 + 0*y. Suppose 0 = -5*z - 2*x - 27, z + 3*x - 7*x + 23 = 0. What is the tens digit of p(z)?
1
Suppose 0 = -6*m + m + 25, -2*m = 3*w - 106. Let i be 7/2*(-1 - -3). Suppose w = 5*c + i. What is the units digit of c?
5
Let d be (-6)/(-10) - (-88)/20. Let i = -4 + d. What is the units digit of i?
1
What is the units digit of (4 - (-1 - -4))*26?
6
Let h(k) be the third derivative of -1/24*k**4 - 2/15*k**5 - 1/3*k**3 + 0 - 3*k**2 + 0*k - 1/120*k**6. What is the units digit of h(-8)?
6
Let k = 38 + -14. Suppose k = 5*t - 6. What is the units digit of t?
6
Suppose 3*g - g + 34 = 0. Let n = 7 - g. What is the units digit of n?
4
What is the tens digit of (-1 + 32)/(16/48)?
9
Suppose 3*p + 0*p = 99. What is the units digit of p?
3
Suppose 0*x = 2*x - 10. What is the units digit of x?
5
Let i(b) = -b**2 + b + 1. Let z(u) = -3*u**2 - 4*u + 5. Let p(v) = -4*i(v) + z(v). What is the tens digit of p(9)?
1
Let h(s) = 0 - s - 3 + 3. What is the units digit of h(-2)?
2
Suppose 0 = 4*k + k. Suppose 2*l + k*l = 82. Let p = -24 + l. What is the tens digit of p?
1
Suppose 0 = c - 5*i + 9 - 0, -4*c + 10 = 3*i. Suppose 0 = -3*z + 4*h + 23, -3*z + 12 - c = 2*h. What is the units digit of z?
5
Let a be ((-6)/(-9)*6)/2. Suppose 0 = 3*k + 3*f - 54, a*f = 2*k + 3*k - 118. What is the units digit of k?
2
Let b(v) = 1 + 0*v - 3 + 10 - 2*v. What is the tens digit of b(-9)?
2
Let o be 0 + 12/(-4) + 6. Suppose 2*l + o*l = 60. What is the tens digit of l?
1
Suppose -p + 8 = 6. Let o(y) = 2*y**2 - 3*y + 11*y + y - y**p + 7. What is the units digit of o(-9)?
7
Suppose u - 7 = 40. What is the units digit of u?
7
Let k be 6/(-9)*(-2 + 5). Let o be (1/k)/((-3)/234). Suppose 34 + 14 = 4*c - 4*s, -4*s = -3*c + o. What is the units digit of c?
9
Let b = -1 - 0. Let w(h) = h**2 - 1. Let q be w(b). Suppose q*k + 6 = k. What is the units digit of k?
6
Suppose 5*u + 15 = 0, -3*v + u + 126 = -0*v. What is the tens digit of v?
4
Suppose -5 = -v - 3. Suppose -4*p - 2 = v. Let z = 13 + p. What is the tens digit of z?
1
Let x be (6/(-4) + 2)*10. Let o(b) be the second derivative of -b**3/6 + 9*b**2/2 - 2*b. What is the units digit of o(x)?
4
Let m = 0 - -2. Suppose o + 4*z = -5 - 12, m*o - 5*z - 31 = 0. What is the units digit of o?
3
Suppose 6*m - 113 = 73. What is the units digit of m?
1
Let p = -180 - -294. Suppose 3*w + p = 5*w. Suppose -w = -2*z - z. What is the tens digit of z?
1
Let i(m) = -12*m + 6. Let u(r) = 42*r - 21. Let t(q) = -18*i(q) - 5*u(q). What is the tens digit of t(4)?
2
What is the hundreds digit of (1/(4/(-42)))/(15/(-280))?
1
Suppose -2*t + 35 = 5*b, -3*t + 20 = 3*b - 2*t. Suppose -3*n = 4*s - 16, 0 = b*s - 4*n - 4 - 16. What is the units digit of s?
4
Let v = 1 - 32. Let w = v - -22. Let c = 15 + w. What is the units digit of c?
6
What is the units digit of (2 - 3)/(5/(-120))?
4
Let p(j) = -j**2 - j + 41. Let h be p(0). Suppose 4*r + 9 - h = 0. What is the units digit of r?
8
Suppose -7 = 2*f - 41. What is the tens digit of f?
1
Let g(q) = 9*q**3 + q. Let x be g(1). Let n be 64/x - (-8)/(-20). Let r = -4 + n. What is the units digit of r?
2
Suppose -10*t = -t - 1845. What is the hundreds digit of t?
2
Let y(q) = q. Let i be y(5). What is the tens digit of 3/i + 672/30?
2
Let p(d) = d**2 - d - 5. Let g be p(5). Let r = g + 26. Suppose 5*i - r = -0*i + 2*z, 0 = -z + 2. What is the units digit of i?
9
Let r = -138 - -425. What is the tens digit of r?
8
Suppose 0 = q - 14 - 8. What is the units digit of q?
2
Suppose -66 = -21*j + 20*j. What is the tens digit of j?
6
What is the units digit of (-7)/21 + 218/6?
6
What is the units digit of (-20)/(-4) + (0 - -2 - -1)?
8
Let s = 11 - 6. Suppose 3 = 4*t - s. What is the units digit of t?
2
Suppose 14*j - 12*j = 154. What is the tens digit of j?
7
What is the units digit of ((-6)/7)/(26/(-91))?
3
Let f(d) = -d + 15. Let o be f(13). Suppose 3*n + 5 = -4, o*j = 5*n + 27. What is the units digit of j?
6
Suppose 5*p - 1272 = -3*p. What is the hundreds digit of p?
1
What is the tens digit of 6/4*5222/21?
7
Let z = -14 + 9. Let b(r) = -8*r - 4. What is the tens digit of b(z)?
3
Let z = 8 - 3. Let c(h) = -h**3 - 8*h**2 + 4*h - 5. Let m(t) = t**3 + t**2 + 1. Let n(s) = -c(s) - 2*m(s). What is the units digit of n(z)?
8
Suppose 0*o = -o. Suppose o = 5*d - 10, -3*x = 2*x - d - 103. Suppose -5*l + 24 = -x. What is the units digit of l?
9
Suppose 29 = -4*h - 23. Let o be (-2 + 13)/((-2)/(-4)). Let p = o + h. What is the units digit of p?
9
Let d be (-2)/5 + 32/(-20). Let h be 17/4 - d/(-8). Suppose 44 - 8 = h*n. What is the units digit of n?
9
What is the units digit of (-835)/(-5) + -1 + -3?
3
Suppose 4*m - 2*m = 4. Suppose m*i = -0*i + 54. What is the units digit of i?
7
Suppose -5*y + 20 = -5*g - 0*y, -2*y = 3*g - 3. Let a = -4 + g. Let h = -3 - a. What is the units digit of h?
2
Suppose -3*n + 0 = -15. Suppose -n*h = -h - 96. What is the units digit of h?
4
Suppose -2*y + 2 = -8. Suppos